d be (6 - 3)*(-15)/r. Suppose 0 = -0*i - d*i + 65. What is the remainder when 49 is divided by i?
10
Let q(f) = -f**3 - 2*f**2 + 9 - 6*f**2 - f - 3*f + 0*f. Let l be q(-7). What is the remainder when (102/(-12))/(2/l) is divided by 27?
24
Suppose -5*d + 10 = 5. What is the remainder when (126 - (-8)/4)*d - 1 is divided by 32?
31
Calculate the remainder when 235 + 6 - (-1 + -2) is divided by 35.
34
Let d(s) = 3*s - 5 - 6*s + s. Let i be d(-4). Suppose 4*b + 4*p - 44 = 0, 0*p - 29 = -i*b + p. What is the remainder when b is divided by 4?
2
Let d be 25/(-3) + (-8)/(-24). Let g(y) = -y**3 - 9*y**2 - 11*y + 7. Calculate the remainder when 91 is divided by g(d).
29
Let l be (135/36)/(1/24). Let m be (-2537)/(-15) - 12/l. Suppose -5*f + m - 49 = 0. Calculate the remainder when 95 is divided by f.
23
Let w = 389 + -171. Calculate the remainder when w is divided by 32.
26
Let n = 633 + -298. Suppose 20 = 5*d, 4*r - 3*d = 35 - n. Calculate the remainder when 12 is divided by 23/(-115) + r/(-10).
5
Let o(z) = z**2 - z + 3. What is the remainder when o(5) is divided by (-27)/(-315)*7 - (-148)/20?
7
Suppose -5*p + 28 = -17. Let u be 18*(20/12 + 0). Suppose -2*z = 3*z - u. Calculate the remainder when p is divided by z.
3
Let s be 1/(2 + -3)*-38. Suppose 4*j + s = 462. Suppose 3*k = -0*k + 108. What is the remainder when j is divided by k?
34
Let s = 457 + -131. What is the remainder when s is divided by 30?
26
Let y(s) = 8 - 9*s - 10*s + s**2 + 0*s**2 + 20*s. What is the remainder when y(7) is divided by 22?
20
Suppose -8*j - z = -4*j - 6038, -z - 3022 = -2*j. Calculate the remainder when j is divided by 89.
86
Suppose -4*r = 3*q - 104, 3*r + 0*q + 2*q - 79 = 0. Let j be (2 - 1)*(-3 - -4). Let v = 11 - j. Calculate the remainder when r is divided by v.
9
Let i be -29 + 29 + 1*2. Suppose -i*p + 4*h - 3*h + 72 = 0, -72 = -2*p + 3*h. What is the remainder when 140 is divided by p?
32
Suppose 0*a + 22*a - 7854 = 0. Calculate the remainder when a is divided by 20.
17
Suppose 0*c + 4*c = -4*b + 232, -2*b + 2 = 0. Suppose -53*h - 5*o = -58*h + 80, 5*h - 80 = -2*o. Calculate the remainder when c is divided by h.
9
Let n(r) = 36*r**2 + 47*r + 46. What is the remainder when 100 is divided by n(-1)?
30
Let s = -2 + 6. Suppose 0*g - 71 = -3*x + s*g, -12 = -3*g. Calculate the remainder when x is divided by 15.
14
Suppose b - p = -4*p + 479, -2*b + 5*p = -903. Calculate the remainder when 27 is divided by b/48 + 1/3.
7
Let n = -80 - -352. What is the remainder when n is divided by 47?
37
Let o(t) be the second derivative of -2*t**3/3 + 2*t**2 + 6*t. Calculate the remainder when 74 is divided by o(-4).
14
Let v = -58 - -94. Suppose 0 = -2*n - 2*n - v. Calculate the remainder when (-3)/((-15)/n + -2) is divided by 3.
0
Let v(h) = 4*h + 100. What is the remainder when 20 is divided by v(-23)?
4
Let w be ((-17)/(-5))/((-18)/(-90)). Let m = w - -9. Calculate the remainder when m is divided by 9.
8
Suppose 3*k + 0*k - 349 = -m, 0 = -5*m - 3*k + 1793. Calculate the remainder when m is divided by 33.
31
Suppose -5*i + 9*n - 6*n + 2390 = 0, 2*i + n - 967 = 0. What is the remainder when i is divided by 21?
19
What is the remainder when (12/24)/((-3)/(-384)) is divided by 22?
20
Suppose 0 = 7*l - 536 - 290. Calculate the remainder when l is divided by 82.
36
Suppose -n - 3*y + 112 = 3*n, 0 = -3*y - 12. Calculate the remainder when 84 is divided by n.
22
Suppose 2*c = -3*c + 330. Suppose -3*l + c = 3*i - 0*l, -2*i = 3*l - 44. Calculate the remainder when i is divided by 6.
4
Let s = -363 + 370. Calculate the remainder when 23 is divided by s.
2
Let l = 52 - 47. Calculate the remainder when (316/(-6))/(((-10)/6)/l) is divided by 16.
14
Suppose 0 = s + 5*s - 30. Suppose -s*w + w + 136 = 0. What is the remainder when w is divided by 9?
7
Suppose -i = -4*l - 62, l - 206 = -4*i - 4*l. What is the remainder when i is divided by 16?
6
What is the remainder when 63 is divided by (-2)/(14/63 - (-88)/(-234))?
11
Let m = -13 + 18. Let v be 14/4 - m/(-10). Suppose v*h - 32 = 8. Calculate the remainder when 29 is divided by h.
9
Let a = 1369 + -1352. What is the remainder when 794 is divided by a?
12
Suppose -6*t = 4*t - 690. Let l = -32 + t. What is the remainder when l is divided by 13?
11
Let j = 247 - 67. Suppose j = 3*f + i - 51, -63 = -f - 5*i. Calculate the remainder when f is divided by 27.
24
Let r(k) = k**2 - 12*k + 43. What is the remainder when r(5) is divided by 7?
1
Suppose -3*r = 3*v - 36, -3*v - 5*r - 20 = -62. Calculate the remainder when (-76)/(-6) + 8/(-12) is divided by v.
3
Let k = 17 + -11. Suppose -o - t = -k*t + 9, 5*o = 2*t + 24. Calculate the remainder when 24*(0 + (-2)/(-3)) is divided by o.
4
Let y = -2750 + 3161. What is the remainder when 414 is divided by y?
3
Let l(f) = -f**2 + 2*f + 18. Let p be l(0). Let q = -12 + p. Let s(d) = d**3 - 8*d**2 - 7*d - 7. What is the remainder when s(9) is divided by q?
5
Suppose 2*z + 4*p + 16 = 0, 4*z - 22 - 6 = 4*p. Suppose z*c - c = -4*v + 16, -4*c + 5*v = -169. Calculate the remainder when c is divided by 19.
17
Let q = 18 - 14. Suppose -q*y = 5*d - 104, 0 = 2*y - 0*d + d - 52. Suppose 3*h + 39 = 4*i, y = 2*i - 2*h + 8. Calculate the remainder when 21 is divided by i.
9
Let g = 336 + -310. What is the remainder when 167 is divided by g?
11
Suppose -316*x + 308*x + 376 = 0. What is the remainder when 62 is divided by x?
15
Let j(s) = -s**2 - 4*s + 7. Suppose 0 = -3*i + 2*a + 16, -3*i - 3*a - 21 = -6*i. Suppose i*x + 2*x - 8 = 0. What is the remainder when x is divided by j(-5)?
0
Suppose -5*x + 4*w + 375 + 6 = 0, 3*x - 4*w = 235. What is the remainder when x is divided by 6?
1
Suppose -2*k = -5*l + 260, l + 5*k + 0*k = 25. Calculate the remainder when l is divided by 17.
16
Let n(l) = 2*l**3 + 3*l**2 - 2*l + 1. Let h be n(2). Let t = 21 - h. What is the remainder when 3 + (41 - (6 + t)) is divided by 15?
12
Suppose -2*q = m + 2, q + 11 = 2*m - 0*q. Suppose -3*c - 1 = -m*w + 11, 6 = 3*w - 3*c. What is the remainder when 65 is divided by (-19 + (3 - w))*-1?
21
Let h = 944 + -479. Suppose -14*u - h = -19*u. What is the remainder when u is divided by 16?
13
Let i = 5200 - 1776. Calculate the remainder when i is divided by 149.
146
Suppose -n = -2*n. Suppose 27 = 3*p - n*p. Calculate the remainder when p is divided by (2 + 6/(-2))*(-25)/5.
4
Let j(s) = -3*s + 98. What is the remainder when j(-7) is divided by 32?
23
Suppose 0 = -2*f - f + 12. Suppose 2*u + 1 = -p + 2, -2*p + 14 = u. Let d = p + 5. Calculate the remainder when d is divided by f.
2
Let u(y) = 27*y - 11. Suppose -170 = -5*c - 45. What is the remainder when u(5) is divided by c?
24
Let d = -144 + 250. What is the remainder when d is divided by 28?
22
Let f = -1927 - -1991. Calculate the remainder when 228 is divided by f.
36
Let u be 2*(-2 + 444/(-8)). Let k = -61 - u. Suppose 7*y - 4*y = k. Calculate the remainder when 34 is divided by y.
16
Let r(t) = t + 21. Let i be r(17). Let c = -27 + i. What is the remainder when c is divided by 3?
2
Let k(y) = -11*y + 5. Let i be k(-3). Let s be (i/3)/((-6)/(-9)). Suppose -1 - s = -4*a. Calculate the remainder when 19 is divided by a.
4
Suppose -t - 2 = -4*p - 0, 0 = -t - 2*p + 28. Suppose 4*y = -t + 298. Calculate the remainder when y is divided by 2 - 1/((-2)/32).
16
Let q = 11 + -15. Let f be (2/q)/((-7)/(-28)). What is the remainder when (18/(-5))/(f/55) is divided by 25?
24
Let x = 28 + -10. Let i = -4350 + 4357. Calculate the remainder when x is divided by i.
4
Suppose -2 + 10 = y. What is the remainder when y is divided by ((-1197)/1026)/((-2)/12)?
1
Let z(d) = -d**3 - 6*d**2 - 9*d + 4. What is the remainder when (-2)/(-2)*(-2 + 46) is divided by z(-5)?
20
Let r(o) = o**3 + 6*o**2 - 59*o - 316. Let d(n) = n**2 + 3*n + 3. Let k be d(-5). Suppose -2*p = -k - 13. What is the remainder when r(-6) is divided by p?
12
Let w be (4 - 0) + 27 + 4. Suppose 3*u = -w + 29. What is the remainder when 24 is divided by ((-15)/(-6))/(u/(-4))?
4
Suppose 4*k = -2*t + t + 16, -5*k = t - 14. Let z = -47 + 47. Suppose 2*d - d - 13 = z. Calculate the remainder when t is divided by d.
11
Let k be 242 - (-25)/(-20)*4. Suppose k*l = 232*l + 750. What is the remainder when l is divided by 19?
17
Let b(j) = 2*j**2 - 29*j + 18. Let l be b(14).